{"id":12,"date":"2022-04-20T22:43:58","date_gmt":"2022-04-20T22:43:58","guid":{"rendered":"https:\/\/runasnet.org\/?page_id=9"},"modified":"2024-04-18T19:46:36","modified_gmt":"2024-04-18T17:46:36","slug":"acerca-de","status":"publish","type":"page","link":"https:\/\/runasnet.org\/index.php\/acerca-de\/","title":{"rendered":"Acerca de"},"content":{"rendered":"\n<p class=\"has-contrast-color has-text-color has-link-color wp-elements-1e143a02c75e83aa3ab0df630f2a3791\">Las jornadas online <strong>Runas NET<\/strong>, igual que las jornadas presenciales de <strong>El D\u00eda de las Runas<\/strong>, las organizan cuatro roleros y forofos de los juegos de rol D100 y de otros muchos juegos:<br><br><strong>Thorkrim<\/strong>, el rey de <strong><a href=\"https:\/\/murallasblancas.blogspot.com\">Murallas Blancas<\/a><\/strong>. <br><br><strong><a href=\"https:\/\/elruneblog.blogspot.com\/2021\/05\/runequesters-epicos-emod.html\">Emod<\/a><\/strong>, runecham\u00e1n de los c\u00f3digos.<br><br><strong>N\u00e9stor<\/strong> el Mythraico.<br><br><strong>Runeblogger<\/strong> el del <strong><a href=\"https:\/\/elruneblog.blogspot.com\/2021\/11\/noticias-d100-runequest-mythras-cthulhu.html\">Runeblog<\/a><\/strong>.<\/p>\n\n\n\n<p class=\"has-contrast-color has-text-color has-link-color wp-elements-23e269de1290cf2385d9fcfa02a8d33d\"><br>Todo empez\u00f3 un d\u00eda en las lejanas tierras de Google+ que se trag\u00f3 el oc\u00e9ano del olvido. Alguien propuso la idea de organizar unas <strong>jornadas centradas en los juegos con sistema D100<\/strong>. \u00bfNo ser\u00eda fant\u00e1stico? La idea flot\u00f3 en las mentes de varios, pero solo Thorkrim tuvo el arrojo de arengar a sus tropas par hacer del sue\u00f1o una realidad. En 2018 se celebraron las primeras jornadas <strong><a href=\"https:\/\/elruneblog.blogspot.com\/2018\/08\/el-dia-de-las-runas-primeras-jornadas.html\">El D\u00eda de las Runas<\/a><\/strong>, y en 2019 <a href=\"https:\/\/murallasblancas.blogspot.com\/2019\/06\/contentos-tras-el-dia-de-las-runas-2019.html\"><strong>las<\/strong> <strong>segundas<\/strong><\/a>. Ambas fueron presenciales y de un fin de semana de duraci\u00f3n. Luego, en 2020 nacieron las <strong>Runas NET<\/strong> para poder seguir jugando, aunque sea online. \u00a1Pero alg\u00fan d\u00eda volver\u00e1n tambi\u00e9n las presenciales&#8230;!<\/p>\n","protected":false},"excerpt":{"rendered":"<p>Las jornadas online Runas NET, igual que las jornadas presenciales de El D\u00eda de las Runas, las organizan cuatro roleros y forofos de los juegos de rol D100 y de otros muchos juegos: Thorkrim, el rey de Murallas Blancas. Emod, runecham\u00e1n de los c\u00f3digos. N\u00e9stor el Mythraico. Runeblogger el del Runeblog. Todo empez\u00f3 un d\u00eda en las lejanas tierras de Google+ que se trag\u00f3 el oc\u00e9ano del olvido. Alguien propuso la idea de organizar unas jornadas centradas en los juegos con sistema D100. \u00bfNo ser\u00eda fant\u00e1stico? La idea flot\u00f3 en las mentes de varios, pero solo Thorkrim tuvo el arrojo de arengar a sus tropas par hacer del sue\u00f1o una realidad. En 2018 se celebraron las primeras jornadas El D\u00eda de las Runas, y en 2019 las segundas. Ambas fueron presenciales y de un fin de semana de duraci\u00f3n. Luego, en 2020 nacieron las Runas NET para poder seguir jugando, aunque sea online. \u00a1Pero alg\u00fan d\u00eda volver\u00e1n tambi\u00e9n las presenciales&#8230;!<\/p>\n","protected":false},"author":1,"featured_media":478,"parent":0,"menu_order":0,"comment_status":"closed","ping_status":"closed","template":"","meta":{"footnotes":""},"class_list":["post-12","page","type-page","status-publish","has-post-thumbnail","hentry"],"_links":{"self":[{"href":"https:\/\/runasnet.org\/index.php\/wp-json\/wp\/v2\/pages\/12","targetHints":{"allow":["GET"]}}],"collection":[{"href":"https:\/\/runasnet.org\/index.php\/wp-json\/wp\/v2\/pages"}],"about":[{"href":"https:\/\/runasnet.org\/index.php\/wp-json\/wp\/v2\/types\/page"}],"author":[{"embeddable":true,"href":"https:\/\/runasnet.org\/index.php\/wp-json\/wp\/v2\/users\/1"}],"replies":[{"embeddable":true,"href":"https:\/\/runasnet.org\/index.php\/wp-json\/wp\/v2\/comments?post=12"}],"version-history":[{"count":1,"href":"https:\/\/runasnet.org\/index.php\/wp-json\/wp\/v2\/pages\/12\/revisions"}],"predecessor-version":[{"id":613,"href":"https:\/\/runasnet.org\/index.php\/wp-json\/wp\/v2\/pages\/12\/revisions\/613"}],"wp:featuredmedia":[{"embeddable":true,"href":"https:\/\/runasnet.org\/index.php\/wp-json\/"}],"wp:attachment":[{"href":"https:\/\/runasnet.org\/index.php\/wp-json\/wp\/v2\/media?parent=12"}],"curies":[{"name":"wp","href":"https:\/\/api.w.org\/{rel}","templated":true}]}}